{"id":2,"date":"2024-07-18T08:54:11","date_gmt":"2024-07-18T08:54:11","guid":{"rendered":"https:\/\/gainzaurrutiaabogados.rkinformatika.online\/?page_id=2"},"modified":"2024-12-03T12:31:52","modified_gmt":"2024-12-03T12:31:52","slug":"inicio","status":"publish","type":"page","link":"https:\/\/gemadiaznavarroabokatuak.com\/eus\/","title":{"rendered":"HASIERA"},"content":{"rendered":"<div data-elementor-type=\"wp-page\" data-elementor-id=\"2\" class=\"elementor elementor-2\" data-elementor-post-type=\"page\">\n\t\t\t\t<div class=\"elementor-element elementor-element-76d42f2 e-con-full e-flex e-con e-parent\" data-id=\"76d42f2\" data-element_type=\"container\" data-e-type=\"container\" data-settings=\"{&quot;background_background&quot;:&quot;classic&quot;}\">\n\t\t\t\t<\/div>\n\t\t<div class=\"elementor-element elementor-element-2c91c96 e-flex e-con-boxed e-con e-parent\" data-id=\"2c91c96\" data-element_type=\"container\" data-e-type=\"container\">\n\t\t\t\t\t<div class=\"e-con-inner\">\n\t\t<div class=\"elementor-element elementor-element-1d0bf16 e-con-full e-flex elementor-invisible e-con e-child\" data-id=\"1d0bf16\" data-element_type=\"container\" data-e-type=\"container\" data-settings=\"{&quot;background_background&quot;:&quot;classic&quot;,&quot;animation&quot;:&quot;fadeInRight&quot;}\">\n\t\t\t\t<div class=\"elementor-element elementor-element-4be26e8 elementor-widget elementor-widget-heading\" data-id=\"4be26e8\" data-element_type=\"widget\" data-e-type=\"widget\" data-widget_type=\"heading.default\">\n\t\t\t\t<div class=\"elementor-widget-container\">\n\t\t\t\t\t<h2 class=\"elementor-heading-title elementor-size-default\">NIRI BURUZ<\/h2>\t\t\t\t<\/div>\n\t\t\t\t<\/div>\n\t\t\t\t<div class=\"elementor-element elementor-element-fbebc9b elementor-widget__width-initial elementor-widget elementor-widget-text-editor\" data-id=\"fbebc9b\" data-element_type=\"widget\" data-e-type=\"widget\" data-widget_type=\"text-editor.default\">\n\t\t\t\t<div class=\"elementor-widget-container\">\n\t\t\t\t\t\t\t\t\t<p>Nire abokatu-bulegoan, Familia Zuzenbidean espezializatzen naiz, une sentikorrenetan laguntza integrala eta pertsonalizatua eskainiz. Ibilbide sendoa dut, urtetako esperientziaren bidez babestua, kasu bakoitzean ikuspegi profesionala eta gizatiarra bermatuz.<\/p><p>Genero eta etxeko indarkerian aditua naiz, eta arlo horietan lege-laguntza espezializatua eta konprometitua eskaintzen dut. Ulertzen dut egoera horien konplexutasuna eta fintasuna; beraz, diskrezioz, enpatiaz eta irmotasunez lan egiten dut zure eskubideak babesteko eta zure segurtasuna bermatzeko.<\/p>\t\t\t\t\t\t\t\t<\/div>\n\t\t\t\t<\/div>\n\t\t\t\t<\/div>\n\t\t<div class=\"elementor-element elementor-element-c956bbf e-con-full e-flex elementor-invisible e-con e-child\" data-id=\"c956bbf\" data-element_type=\"container\" data-e-type=\"container\" data-settings=\"{&quot;background_background&quot;:&quot;classic&quot;,&quot;animation&quot;:&quot;fadeInLeft&quot;}\">\n\t\t\t\t<div class=\"elementor-element elementor-element-e07d159 elementor-widget elementor-widget-image\" data-id=\"e07d159\" data-element_type=\"widget\" data-e-type=\"widget\" data-widget_type=\"image.default\">\n\t\t\t\t<div class=\"elementor-widget-container\">\n\t\t\t\t\t\t\t\t\t\t\t\t\t\t\t<img fetchpriority=\"high\" decoding=\"async\" width=\"1200\" height=\"1600\" src=\"https:\/\/gemadiaznavarroabokatuak.com\/wp-content\/uploads\/2024\/12\/WhatsApp-Image-2024-12-03-at-12.24.29.jpeg\" class=\"attachment-full size-full wp-image-1121\" alt=\"\" srcset=\"https:\/\/gemadiaznavarroabokatuak.com\/wp-content\/uploads\/2024\/12\/WhatsApp-Image-2024-12-03-at-12.24.29.jpeg 1200w, https:\/\/gemadiaznavarroabokatuak.com\/wp-content\/uploads\/2024\/12\/WhatsApp-Image-2024-12-03-at-12.24.29-225x300.jpeg 225w, https:\/\/gemadiaznavarroabokatuak.com\/wp-content\/uploads\/2024\/12\/WhatsApp-Image-2024-12-03-at-12.24.29-768x1024.jpeg 768w, https:\/\/gemadiaznavarroabokatuak.com\/wp-content\/uploads\/2024\/12\/WhatsApp-Image-2024-12-03-at-12.24.29-1152x1536.jpeg 1152w, https:\/\/gemadiaznavarroabokatuak.com\/wp-content\/uploads\/2024\/12\/WhatsApp-Image-2024-12-03-at-12.24.29-9x12.jpeg 9w\" sizes=\"(max-width: 1200px) 100vw, 1200px\" \/>\t\t\t\t\t\t\t\t\t\t\t\t\t\t\t<\/div>\n\t\t\t\t<\/div>\n\t\t\t\t<\/div>\n\t\t\t\t\t<\/div>\n\t\t\t\t<\/div>\n\t\t<div class=\"elementor-element elementor-element-7cdd981 e-flex e-con-boxed e-con e-parent\" data-id=\"7cdd981\" data-element_type=\"container\" data-e-type=\"container\" data-settings=\"{&quot;background_background&quot;:&quot;classic&quot;}\">\n\t\t\t\t\t<div class=\"e-con-inner\">\n\t\t<div class=\"elementor-element elementor-element-28659da e-con-full e-flex elementor-invisible e-con e-child\" data-id=\"28659da\" data-element_type=\"container\" data-e-type=\"container\" data-settings=\"{&quot;background_background&quot;:&quot;classic&quot;,&quot;animation&quot;:&quot;fadeInLeft&quot;}\">\n\t\t\t\t<div class=\"elementor-element elementor-element-078d9ad elementor-widget elementor-widget-heading\" data-id=\"078d9ad\" data-element_type=\"widget\" data-e-type=\"widget\" data-widget_type=\"heading.default\">\n\t\t\t\t<div class=\"elementor-widget-container\">\n\t\t\t\t\t<h2 class=\"elementor-heading-title elementor-size-default\">Zergatik aukeratu ni?<\/h2>\t\t\t\t<\/div>\n\t\t\t\t<\/div>\n\t\t\t\t<div class=\"elementor-element elementor-element-de8de66 elementor-widget elementor-widget-image\" data-id=\"de8de66\" data-element_type=\"widget\" data-e-type=\"widget\" data-widget_type=\"image.default\">\n\t\t\t\t<div class=\"elementor-widget-container\">\n\t\t\t\t\t\t\t\t\t\t\t\t\t\t\t<img decoding=\"async\" width=\"1200\" height=\"1600\" src=\"https:\/\/gemadiaznavarroabokatuak.com\/wp-content\/uploads\/2024\/12\/WhatsApp-Image-2024-12-03-at-12.23.45.jpeg\" class=\"attachment-full size-full wp-image-1117\" alt=\"\" srcset=\"https:\/\/gemadiaznavarroabokatuak.com\/wp-content\/uploads\/2024\/12\/WhatsApp-Image-2024-12-03-at-12.23.45.jpeg 1200w, https:\/\/gemadiaznavarroabokatuak.com\/wp-content\/uploads\/2024\/12\/WhatsApp-Image-2024-12-03-at-12.23.45-225x300.jpeg 225w, https:\/\/gemadiaznavarroabokatuak.com\/wp-content\/uploads\/2024\/12\/WhatsApp-Image-2024-12-03-at-12.23.45-768x1024.jpeg 768w, https:\/\/gemadiaznavarroabokatuak.com\/wp-content\/uploads\/2024\/12\/WhatsApp-Image-2024-12-03-at-12.23.45-1152x1536.jpeg 1152w, https:\/\/gemadiaznavarroabokatuak.com\/wp-content\/uploads\/2024\/12\/WhatsApp-Image-2024-12-03-at-12.23.45-9x12.jpeg 9w\" sizes=\"(max-width: 1200px) 100vw, 1200px\" \/>\t\t\t\t\t\t\t\t\t\t\t\t\t\t\t<\/div>\n\t\t\t\t<\/div>\n\t\t\t\t<\/div>\n\t\t<div class=\"elementor-element elementor-element-93bf7fd e-con-full e-flex elementor-invisible e-con e-child\" data-id=\"93bf7fd\" data-element_type=\"container\" data-e-type=\"container\" data-settings=\"{&quot;background_background&quot;:&quot;classic&quot;,&quot;animation&quot;:&quot;fadeInRight&quot;}\">\n\t\t\t\t<div class=\"elementor-element elementor-element-5b79595 elementor-widget elementor-widget-heading\" data-id=\"5b79595\" data-element_type=\"widget\" data-e-type=\"widget\" data-widget_type=\"heading.default\">\n\t\t\t\t<div class=\"elementor-widget-container\">\n\t\t\t\t\t<h2 class=\"elementor-heading-title elementor-size-default\">Konpromisoa eta esperientzia<\/h2>\t\t\t\t<\/div>\n\t\t\t\t<\/div>\n\t\t\t\t<div class=\"elementor-element elementor-element-fe1f175 elementor-widget elementor-widget-heading\" data-id=\"fe1f175\" data-element_type=\"widget\" data-e-type=\"widget\" data-widget_type=\"heading.default\">\n\t\t\t\t<div class=\"elementor-widget-container\">\n\t\t\t\t\t<h4 class=\"elementor-heading-title elementor-size-default\">Nire abokatu-bulegoan, zerbitzu integrala eskaintzen dut Zuzenbidearen hainbat arlotan, espezializazio eta esperientziarekin, eta kalitate handiko aholkularitza eta ordezkaritza juridikoa bermatzen dute.<\/h4>\t\t\t\t<\/div>\n\t\t\t\t<\/div>\n\t\t\t\t<div class=\"elementor-element elementor-element-b346485 elementor-widget elementor-widget-heading\" data-id=\"b346485\" data-element_type=\"widget\" data-e-type=\"widget\" data-widget_type=\"heading.default\">\n\t\t\t\t<div class=\"elementor-widget-container\">\n\t\t\t\t\t<h4 class=\"elementor-heading-title elementor-size-default\">Prestakuntza oso kualifikatua eta etengabe eguneratzen ari dena izanik, hurbileko zerbitzua bermatzen dut, eraginkorra eta bezero bakoitzaren beharretara egokitua. Zure kasua da nire lehentasuna.<\/h4>\t\t\t\t<\/div>\n\t\t\t\t<\/div>\n\t\t\t\t<\/div>\n\t\t\t\t\t<\/div>\n\t\t\t\t<\/div>\n\t\t<div class=\"elementor-element elementor-element-a2bc9d5 e-con-full e-flex e-con e-parent\" data-id=\"a2bc9d5\" data-element_type=\"container\" data-e-type=\"container\" data-settings=\"{&quot;background_background&quot;:&quot;classic&quot;}\">\n\t\t\t\t<div class=\"elementor-element elementor-element-9db8054 elementor-align-center elementor-widget__width-initial elementor-tablet-align-left elementor-invisible elementor-widget elementor-widget-button\" data-id=\"9db8054\" data-element_type=\"widget\" data-e-type=\"widget\" data-settings=\"{&quot;_animation&quot;:&quot;fadeInLeft&quot;}\" data-widget_type=\"button.default\">\n\t\t\t\t<div class=\"elementor-widget-container\">\n\t\t\t\t\t\t\t\t\t<div class=\"elementor-button-wrapper\">\n\t\t\t\t\t<a class=\"elementor-button elementor-button-link elementor-size-sm elementor-animation-grow\" href=\"https:\/\/gemadiaznavarroabokatuak.com\/eus\/contacto\/\">\n\t\t\t\t\t\t<span class=\"elementor-button-content-wrapper\">\n\t\t\t\t\t\t\t\t\t<span class=\"elementor-button-text\">JARRI NIREKIN HARREMANETAN!<\/span>\n\t\t\t\t\t<\/span>\n\t\t\t\t\t<\/a>\n\t\t\t\t<\/div>\n\t\t\t\t\t\t\t\t<\/div>\n\t\t\t\t<\/div>\n\t\t\t\t<\/div>\n\t\t<div class=\"elementor-element elementor-element-831bc27 e-flex e-con-boxed e-con e-parent\" data-id=\"831bc27\" data-element_type=\"container\" data-e-type=\"container\">\n\t\t\t\t\t<div class=\"e-con-inner\">\n\t\t\t\t<div class=\"elementor-element elementor-element-81d8104 elementor-arrows-position-outside elementor-pagination-position-outside elementor-widget elementor-widget-image-carousel\" data-id=\"81d8104\" data-element_type=\"widget\" data-e-type=\"widget\" data-settings=\"{&quot;slides_to_show_tablet&quot;:&quot;3&quot;,&quot;slides_to_show_mobile&quot;:&quot;1&quot;,&quot;navigation&quot;:&quot;both&quot;,&quot;infinite&quot;:&quot;yes&quot;,&quot;speed&quot;:500,&quot;image_spacing_custom&quot;:{&quot;unit&quot;:&quot;px&quot;,&quot;size&quot;:20,&quot;sizes&quot;:[]},&quot;image_spacing_custom_tablet&quot;:{&quot;unit&quot;:&quot;px&quot;,&quot;size&quot;:&quot;&quot;,&quot;sizes&quot;:[]}}\" data-widget_type=\"image-carousel.default\">\n\t\t\t\t<div class=\"elementor-widget-container\">\n\t\t\t\t\t\t\t<div class=\"elementor-image-carousel-wrapper swiper\" role=\"region\" aria-roledescription=\"carousel\" aria-label=\"Carrusel de im\u00e1genes\" dir=\"ltr\">\n\t\t\t<div class=\"elementor-image-carousel swiper-wrapper\" aria-live=\"polite\">\n\t\t\t\t\t\t\t\t<div class=\"swiper-slide\" role=\"group\" aria-roledescription=\"slide\" aria-label=\"1 de 3\"><figure class=\"swiper-slide-inner\"><img decoding=\"async\" class=\"swiper-slide-image\" src=\"https:\/\/gemadiaznavarroabokatuak.com\/wp-content\/uploads\/2024\/12\/WhatsApp-Image-2024-12-03-at-12.24.29.jpeg\" alt=\"\" \/><\/figure><\/div><div class=\"swiper-slide\" role=\"group\" aria-roledescription=\"slide\" aria-label=\"2 de 3\"><figure class=\"swiper-slide-inner\"><img decoding=\"async\" class=\"swiper-slide-image\" src=\"https:\/\/gemadiaznavarroabokatuak.com\/wp-content\/uploads\/2024\/12\/WhatsApp-Image-2024-12-03-at-12.23.45.jpeg\" alt=\"WhatsApp Image 2024-12-03 at 12.23.45\" \/><\/figure><\/div><div class=\"swiper-slide\" role=\"group\" aria-roledescription=\"slide\" aria-label=\"3 de 3\"><figure class=\"swiper-slide-inner\"><img decoding=\"async\" class=\"swiper-slide-image\" src=\"https:\/\/gemadiaznavarroabokatuak.com\/wp-content\/uploads\/2024\/12\/WhatsApp-Image-2024-12-02-at-13.44.41-e1733228843976.jpeg\" alt=\"WhatsApp Image 2024-12-02 at 13.44.41\" \/><\/figure><\/div>\t\t\t<\/div>\n\t\t\t\t\t\t\t\t\t\t\t\t<div class=\"elementor-swiper-button elementor-swiper-button-prev\" role=\"button\" tabindex=\"0\">\n\t\t\t\t\t\t<svg aria-hidden=\"true\" class=\"e-font-icon-svg e-eicon-chevron-left\" viewbox=\"0 0 1000 1000\" xmlns=\"http:\/\/www.w3.org\/2000\/svg\"><path d=\"M646 125C629 125 613 133 604 142L308 442C296 454 292 471 292 487 292 504 296 521 308 533L604 854C617 867 629 875 646 875 663 875 679 871 692 858 704 846 713 829 713 812 713 796 708 779 692 767L438 487 692 225C700 217 708 204 708 187 708 171 704 154 692 142 675 129 663 125 646 125Z\"><\/path><\/svg>\t\t\t\t\t<\/div>\n\t\t\t\t\t<div class=\"elementor-swiper-button elementor-swiper-button-next\" role=\"button\" tabindex=\"0\">\n\t\t\t\t\t\t<svg aria-hidden=\"true\" class=\"e-font-icon-svg e-eicon-chevron-right\" viewbox=\"0 0 1000 1000\" xmlns=\"http:\/\/www.w3.org\/2000\/svg\"><path d=\"M696 533C708 521 713 504 713 487 713 471 708 454 696 446L400 146C388 133 375 125 354 125 338 125 325 129 313 142 300 154 292 171 292 187 292 204 296 221 308 233L563 492 304 771C292 783 288 800 288 817 288 833 296 850 308 863 321 871 338 875 354 875 371 875 388 867 400 854L696 533Z\"><\/path><\/svg>\t\t\t\t\t<\/div>\n\t\t\t\t\n\t\t\t\t\t\t\t\t\t<div class=\"swiper-pagination\"><\/div>\n\t\t\t\t\t\t\t\t\t<\/div>\n\t\t\t\t\t\t<\/div>\n\t\t\t\t<\/div>\n\t\t\t\t\t<\/div>\n\t\t\t\t<\/div>\n\t\t\t\t<\/div>","protected":false},"excerpt":{"rendered":"<p>SOBRE MI En mi despacho de abogadas, me especializo en Derecho de Familia, ofreciendo un acompa\u00f1amiento integral y personalizado en los momentos m\u00e1s sensibles. Cuento con una s\u00f3lida trayectoria respaldada por a\u00f1os de experiencia, garantizando un enfoque profesional y humano en cada caso. Soy experta en violencia de g\u00e9nero y dom\u00e9stica, \u00e1reas en las que [&hellip;]<\/p>\n","protected":false},"author":3,"featured_media":0,"parent":0,"menu_order":0,"comment_status":"closed","ping_status":"closed","template":"elementor_canvas","meta":{"footnotes":""},"class_list":["post-2","page","type-page","status-publish","hentry"],"yoast_head":"<!-- This site is optimized with the Yoast SEO plugin v27.4 - https:\/\/yoast.com\/product\/yoast-seo-wordpress\/ -->\n<title>Inicio - Gema Diaz Abokatuak<\/title>\n<meta name=\"robots\" content=\"index, follow, max-snippet:-1, max-image-preview:large, max-video-preview:-1\" \/>\n<link rel=\"canonical\" href=\"https:\/\/gemadiaznavarroabokatuak.com\/eus\/\" \/>\n<meta property=\"og:locale\" content=\"en_US\" \/>\n<meta property=\"og:type\" content=\"article\" \/>\n<meta property=\"og:title\" content=\"Inicio - Gema Diaz Abokatuak\" \/>\n<meta property=\"og:description\" content=\"SOBRE MI En mi despacho de abogadas, me especializo en Derecho de Familia, ofreciendo un acompa\u00f1amiento integral y personalizado en los momentos m\u00e1s sensibles. Cuento con una s\u00f3lida trayectoria respaldada por a\u00f1os de experiencia, garantizando un enfoque profesional y humano en cada caso. Soy experta en violencia de g\u00e9nero y dom\u00e9stica, \u00e1reas en las que [&hellip;]\" \/>\n<meta property=\"og:url\" content=\"https:\/\/gemadiaznavarroabokatuak.com\/eus\/\" \/>\n<meta property=\"og:site_name\" content=\"Gema Diaz Abokatuak\" \/>\n<meta property=\"article:modified_time\" content=\"2024-12-03T12:31:52+00:00\" \/>\n<meta property=\"og:image\" content=\"https:\/\/gemadiaznavarroabokatuak.com\/wp-content\/uploads\/2024\/12\/WhatsApp-Image-2024-12-03-at-12.24.29.jpeg\" \/>\n<meta name=\"twitter:card\" content=\"summary_large_image\" \/>\n<meta name=\"twitter:label1\" content=\"Est. reading time\" \/>\n\t<meta name=\"twitter:data1\" content=\"3 minutua\" \/>\n<script type=\"application\/ld+json\" class=\"yoast-schema-graph\">{\"@context\":\"https:\\\/\\\/schema.org\",\"@graph\":[{\"@type\":\"WebPage\",\"@id\":\"https:\\\/\\\/gemadiaznavarroabokatuak.com\\\/\",\"url\":\"https:\\\/\\\/gemadiaznavarroabokatuak.com\\\/\",\"name\":\"Inicio - Gema Diaz Abokatuak\",\"isPartOf\":{\"@id\":\"https:\\\/\\\/gemadiaznavarroabokatuak.com\\\/#website\"},\"primaryImageOfPage\":{\"@id\":\"https:\\\/\\\/gemadiaznavarroabokatuak.com\\\/#primaryimage\"},\"image\":{\"@id\":\"https:\\\/\\\/gemadiaznavarroabokatuak.com\\\/#primaryimage\"},\"thumbnailUrl\":\"https:\\\/\\\/gemadiaznavarroabokatuak.com\\\/wp-content\\\/uploads\\\/2024\\\/12\\\/WhatsApp-Image-2024-12-03-at-12.24.29.jpeg\",\"datePublished\":\"2024-07-18T08:54:11+00:00\",\"dateModified\":\"2024-12-03T12:31:52+00:00\",\"breadcrumb\":{\"@id\":\"https:\\\/\\\/gemadiaznavarroabokatuak.com\\\/#breadcrumb\"},\"inLanguage\":\"eu\",\"potentialAction\":[{\"@type\":\"ReadAction\",\"target\":[\"https:\\\/\\\/gemadiaznavarroabokatuak.com\\\/\"]}]},{\"@type\":\"ImageObject\",\"inLanguage\":\"eu\",\"@id\":\"https:\\\/\\\/gemadiaznavarroabokatuak.com\\\/#primaryimage\",\"url\":\"https:\\\/\\\/gemadiaznavarroabokatuak.com\\\/wp-content\\\/uploads\\\/2024\\\/12\\\/WhatsApp-Image-2024-12-03-at-12.24.29.jpeg\",\"contentUrl\":\"https:\\\/\\\/gemadiaznavarroabokatuak.com\\\/wp-content\\\/uploads\\\/2024\\\/12\\\/WhatsApp-Image-2024-12-03-at-12.24.29.jpeg\"},{\"@type\":\"BreadcrumbList\",\"@id\":\"https:\\\/\\\/gemadiaznavarroabokatuak.com\\\/#breadcrumb\",\"itemListElement\":[{\"@type\":\"ListItem\",\"position\":1,\"name\":\"Portada\",\"item\":\"https:\\\/\\\/gemadiaznavarroabokatuak.com\\\/\"},{\"@type\":\"ListItem\",\"position\":2,\"name\":\"Inicio\"}]},{\"@type\":\"WebSite\",\"@id\":\"https:\\\/\\\/gemadiaznavarroabokatuak.com\\\/#website\",\"url\":\"https:\\\/\\\/gemadiaznavarroabokatuak.com\\\/\",\"name\":\"Despacho Abogados\",\"description\":\"Despacho de abogados especializado en el derecho de familia con larga trayectoria, con alta especialiazacion de violencia de genero o domestica. \",\"publisher\":{\"@id\":\"https:\\\/\\\/gemadiaznavarroabokatuak.com\\\/#organization\"},\"potentialAction\":[{\"@type\":\"SearchAction\",\"target\":{\"@type\":\"EntryPoint\",\"urlTemplate\":\"https:\\\/\\\/gemadiaznavarroabokatuak.com\\\/?s={search_term_string}\"},\"query-input\":{\"@type\":\"PropertyValueSpecification\",\"valueRequired\":true,\"valueName\":\"search_term_string\"}}],\"inLanguage\":\"eu\"},{\"@type\":\"Organization\",\"@id\":\"https:\\\/\\\/gemadiaznavarroabokatuak.com\\\/#organization\",\"name\":\"Despacho Abogados\",\"url\":\"https:\\\/\\\/gemadiaznavarroabokatuak.com\\\/\",\"logo\":{\"@type\":\"ImageObject\",\"inLanguage\":\"eu\",\"@id\":\"https:\\\/\\\/gemadiaznavarroabokatuak.com\\\/#\\\/schema\\\/logo\\\/image\\\/\",\"url\":\"\",\"contentUrl\":\"\",\"caption\":\"Despacho Abogados\"},\"image\":{\"@id\":\"https:\\\/\\\/gemadiaznavarroabokatuak.com\\\/#\\\/schema\\\/logo\\\/image\\\/\"}}]}<\/script>\n<!-- \/ Yoast SEO plugin. -->","yoast_head_json":{"title":"Inicio - Gema Diaz Abokatuak","robots":{"index":"index","follow":"follow","max-snippet":"max-snippet:-1","max-image-preview":"max-image-preview:large","max-video-preview":"max-video-preview:-1"},"canonical":"https:\/\/gemadiaznavarroabokatuak.com\/eus\/","og_locale":"en_US","og_type":"article","og_title":"Inicio - Gema Diaz Abokatuak","og_description":"SOBRE MI En mi despacho de abogadas, me especializo en Derecho de Familia, ofreciendo un acompa\u00f1amiento integral y personalizado en los momentos m\u00e1s sensibles. Cuento con una s\u00f3lida trayectoria respaldada por a\u00f1os de experiencia, garantizando un enfoque profesional y humano en cada caso. Soy experta en violencia de g\u00e9nero y dom\u00e9stica, \u00e1reas en las que [&hellip;]","og_url":"https:\/\/gemadiaznavarroabokatuak.com\/eus\/","og_site_name":"Gema Diaz Abokatuak","article_modified_time":"2024-12-03T12:31:52+00:00","og_image":[{"url":"https:\/\/gemadiaznavarroabokatuak.com\/wp-content\/uploads\/2024\/12\/WhatsApp-Image-2024-12-03-at-12.24.29.jpeg","type":"","width":"","height":""}],"twitter_card":"summary_large_image","twitter_misc":{"Est. reading time":"3 minutua"},"schema":{"@context":"https:\/\/schema.org","@graph":[{"@type":"WebPage","@id":"https:\/\/gemadiaznavarroabokatuak.com\/","url":"https:\/\/gemadiaznavarroabokatuak.com\/","name":"Inicio - Gema Diaz Abokatuak","isPartOf":{"@id":"https:\/\/gemadiaznavarroabokatuak.com\/#website"},"primaryImageOfPage":{"@id":"https:\/\/gemadiaznavarroabokatuak.com\/#primaryimage"},"image":{"@id":"https:\/\/gemadiaznavarroabokatuak.com\/#primaryimage"},"thumbnailUrl":"https:\/\/gemadiaznavarroabokatuak.com\/wp-content\/uploads\/2024\/12\/WhatsApp-Image-2024-12-03-at-12.24.29.jpeg","datePublished":"2024-07-18T08:54:11+00:00","dateModified":"2024-12-03T12:31:52+00:00","breadcrumb":{"@id":"https:\/\/gemadiaznavarroabokatuak.com\/#breadcrumb"},"inLanguage":"eu","potentialAction":[{"@type":"ReadAction","target":["https:\/\/gemadiaznavarroabokatuak.com\/"]}]},{"@type":"ImageObject","inLanguage":"eu","@id":"https:\/\/gemadiaznavarroabokatuak.com\/#primaryimage","url":"https:\/\/gemadiaznavarroabokatuak.com\/wp-content\/uploads\/2024\/12\/WhatsApp-Image-2024-12-03-at-12.24.29.jpeg","contentUrl":"https:\/\/gemadiaznavarroabokatuak.com\/wp-content\/uploads\/2024\/12\/WhatsApp-Image-2024-12-03-at-12.24.29.jpeg"},{"@type":"BreadcrumbList","@id":"https:\/\/gemadiaznavarroabokatuak.com\/#breadcrumb","itemListElement":[{"@type":"ListItem","position":1,"name":"Portada","item":"https:\/\/gemadiaznavarroabokatuak.com\/"},{"@type":"ListItem","position":2,"name":"Inicio"}]},{"@type":"WebSite","@id":"https:\/\/gemadiaznavarroabokatuak.com\/#website","url":"https:\/\/gemadiaznavarroabokatuak.com\/","name":"Despacho Abogados","description":"Despacho de abogados especializado en el derecho de familia con larga trayectoria, con alta especialiazacion de violencia de genero o domestica.","publisher":{"@id":"https:\/\/gemadiaznavarroabokatuak.com\/#organization"},"potentialAction":[{"@type":"SearchAction","target":{"@type":"EntryPoint","urlTemplate":"https:\/\/gemadiaznavarroabokatuak.com\/?s={search_term_string}"},"query-input":{"@type":"PropertyValueSpecification","valueRequired":true,"valueName":"search_term_string"}}],"inLanguage":"eu"},{"@type":"Organization","@id":"https:\/\/gemadiaznavarroabokatuak.com\/#organization","name":"Despacho Abogados","url":"https:\/\/gemadiaznavarroabokatuak.com\/","logo":{"@type":"ImageObject","inLanguage":"eu","@id":"https:\/\/gemadiaznavarroabokatuak.com\/#\/schema\/logo\/image\/","url":"","contentUrl":"","caption":"Despacho Abogados"},"image":{"@id":"https:\/\/gemadiaznavarroabokatuak.com\/#\/schema\/logo\/image\/"}}]}},"_links":{"self":[{"href":"https:\/\/gemadiaznavarroabokatuak.com\/eus\/wp-json\/wp\/v2\/pages\/2","targetHints":{"allow":["GET"]}}],"collection":[{"href":"https:\/\/gemadiaznavarroabokatuak.com\/eus\/wp-json\/wp\/v2\/pages"}],"about":[{"href":"https:\/\/gemadiaznavarroabokatuak.com\/eus\/wp-json\/wp\/v2\/types\/page"}],"author":[{"embeddable":true,"href":"https:\/\/gemadiaznavarroabokatuak.com\/eus\/wp-json\/wp\/v2\/users\/3"}],"replies":[{"embeddable":true,"href":"https:\/\/gemadiaznavarroabokatuak.com\/eus\/wp-json\/wp\/v2\/comments?post=2"}],"version-history":[{"count":247,"href":"https:\/\/gemadiaznavarroabokatuak.com\/eus\/wp-json\/wp\/v2\/pages\/2\/revisions"}],"predecessor-version":[{"id":1143,"href":"https:\/\/gemadiaznavarroabokatuak.com\/eus\/wp-json\/wp\/v2\/pages\/2\/revisions\/1143"}],"wp:attachment":[{"href":"https:\/\/gemadiaznavarroabokatuak.com\/eus\/wp-json\/wp\/v2\/media?parent=2"}],"curies":[{"name":"wp","href":"https:\/\/api.w.org\/{rel}","templated":true}]}}