{"id":13,"date":"2024-07-18T09:03:50","date_gmt":"2024-07-18T09:03:50","guid":{"rendered":"https:\/\/gainzaurrutiaabogados.rkinformatika.online\/?page_id=13"},"modified":"2024-11-28T12:35:56","modified_gmt":"2024-11-28T12:35:56","slug":"servicios","status":"publish","type":"page","link":"https:\/\/gemadiaznavarroabokatuak.com\/eus\/servicios\/","title":{"rendered":"ZERBITZUAK"},"content":{"rendered":"<div data-elementor-type=\"wp-page\" data-elementor-id=\"13\" class=\"elementor elementor-13\" data-elementor-post-type=\"page\">\n\t\t\t\t<div class=\"elementor-element elementor-element-10bb1e12 e-flex e-con-boxed e-con e-parent\" data-id=\"10bb1e12\" data-element_type=\"container\" data-e-type=\"container\" data-settings=\"{&quot;background_background&quot;:&quot;classic&quot;}\">\n\t\t\t\t\t<div class=\"e-con-inner\">\n\t\t\t\t<div class=\"elementor-element elementor-element-1c5d9ef elementor-widget__width-initial elementor-widget-mobile__width-initial elementor-invisible elementor-widget elementor-widget-heading\" data-id=\"1c5d9ef\" data-element_type=\"widget\" data-e-type=\"widget\" data-settings=\"{&quot;_animation&quot;:&quot;fadeInRight&quot;}\" data-widget_type=\"heading.default\">\n\t\t\t\t<div class=\"elementor-widget-container\">\n\t\t\t\t\t<h2 class=\"elementor-heading-title elementor-size-default\">\u00bfNecesitas defensa o asesoramiento legal?<\/h2>\t\t\t\t<\/div>\n\t\t\t\t<\/div>\n\t\t\t\t<div class=\"elementor-element elementor-element-5e6904b elementor-invisible elementor-widget elementor-widget-heading\" data-id=\"5e6904b\" data-element_type=\"widget\" data-e-type=\"widget\" data-settings=\"{&quot;_animation&quot;:&quot;fadeInRight&quot;}\" data-widget_type=\"heading.default\">\n\t\t\t\t<div class=\"elementor-widget-container\">\n\t\t\t\t\t<h3 class=\"elementor-heading-title elementor-size-default\">Estoy aqu\u00ed para proteger tus derechos<\/h3>\t\t\t\t<\/div>\n\t\t\t\t<\/div>\n\t\t\t\t\t<\/div>\n\t\t\t\t<\/div>\n\t\t<div class=\"elementor-element elementor-element-c193b4f e-con-full e-flex e-con e-parent\" data-id=\"c193b4f\" data-element_type=\"container\" data-e-type=\"container\">\n\t\t<div class=\"elementor-element elementor-element-6dfaeac e-con-full e-flex e-con e-child\" data-id=\"6dfaeac\" data-element_type=\"container\" data-e-type=\"container\" data-settings=\"{&quot;background_background&quot;:&quot;classic&quot;}\">\n\t\t\t\t<div class=\"elementor-element elementor-element-1a16056 elementor-widget elementor-widget-image\" data-id=\"1a16056\" data-element_type=\"widget\" data-e-type=\"widget\" data-widget_type=\"image.default\">\n\t\t\t\t<div class=\"elementor-widget-container\">\n\t\t\t\t\t\t\t\t\t\t\t\t\t\t\t<img fetchpriority=\"high\" decoding=\"async\" width=\"910\" height=\"494\" src=\"https:\/\/gemadiaznavarroabokatuak.com\/wp-content\/uploads\/2024\/11\/Captura-desde-2024-11-28-13-33-28.png\" class=\"attachment-full size-full wp-image-1091\" alt=\"\" srcset=\"https:\/\/gemadiaznavarroabokatuak.com\/wp-content\/uploads\/2024\/11\/Captura-desde-2024-11-28-13-33-28.png 910w, https:\/\/gemadiaznavarroabokatuak.com\/wp-content\/uploads\/2024\/11\/Captura-desde-2024-11-28-13-33-28-300x163.png 300w, https:\/\/gemadiaznavarroabokatuak.com\/wp-content\/uploads\/2024\/11\/Captura-desde-2024-11-28-13-33-28-768x417.png 768w, https:\/\/gemadiaznavarroabokatuak.com\/wp-content\/uploads\/2024\/11\/Captura-desde-2024-11-28-13-33-28-18x10.png 18w\" sizes=\"(max-width: 910px) 100vw, 910px\" \/>\t\t\t\t\t\t\t\t\t\t\t\t\t\t\t<\/div>\n\t\t\t\t<\/div>\n\t\t\t\t<\/div>\n\t\t<div class=\"elementor-element elementor-element-7ab971a e-con-full e-flex elementor-invisible e-con e-child\" data-id=\"7ab971a\" data-element_type=\"container\" data-e-type=\"container\" data-settings=\"{&quot;background_background&quot;:&quot;classic&quot;,&quot;animation&quot;:&quot;fadeInRight&quot;}\">\n\t\t\t\t<div class=\"elementor-element elementor-element-9a347ec elementor-widget elementor-widget-heading\" data-id=\"9a347ec\" data-element_type=\"widget\" data-e-type=\"widget\" data-widget_type=\"heading.default\">\n\t\t\t\t<div class=\"elementor-widget-container\">\n\t\t\t\t\t<h2 class=\"elementor-heading-title elementor-size-default\">Familia<\/h2>\t\t\t\t<\/div>\n\t\t\t\t<\/div>\n\t\t\t\t<div class=\"elementor-element elementor-element-88f3072 elementor-widget__width-initial elementor-widget elementor-widget-text-editor\" data-id=\"88f3072\" data-element_type=\"widget\" data-e-type=\"widget\" data-widget_type=\"text-editor.default\">\n\t\t\t\t<div class=\"elementor-widget-container\">\n\t\t\t\t\t\t\t\t\t<p>Asesoro y represento en casos relacionados con divorcios, custodias, r\u00e9gimen de visitas, pensiones alimenticias y otros conflictos familiares. Cuento con una s\u00f3lida especializaci\u00f3n en violencia de g\u00e9nero y dom\u00e9stica, atendiendo tanto a v\u00edctimas como a implicados en estas situaciones, con un enfoque humano, discreto y profesional. Mi objetivo es proteger los derechos, garantizar la seguridad y buscar soluciones justas en estos casos complejos.<\/p>\t\t\t\t\t\t\t\t<\/div>\n\t\t\t\t<\/div>\n\t\t\t\t<\/div>\n\t\t\t\t<\/div>\n\t\t<div class=\"elementor-element elementor-element-b421f73 e-con-full e-flex e-con e-parent\" data-id=\"b421f73\" data-element_type=\"container\" data-e-type=\"container\">\n\t\t<div class=\"elementor-element elementor-element-3a5ae32 e-con-full e-flex elementor-invisible e-con e-child\" data-id=\"3a5ae32\" data-element_type=\"container\" data-e-type=\"container\" data-settings=\"{&quot;background_background&quot;:&quot;classic&quot;,&quot;animation&quot;:&quot;fadeInLeft&quot;}\">\n\t\t\t\t<div class=\"elementor-element elementor-element-af2ea26 elementor-widget elementor-widget-image\" data-id=\"af2ea26\" data-element_type=\"widget\" data-e-type=\"widget\" data-widget_type=\"image.default\">\n\t\t\t\t<div class=\"elementor-widget-container\">\n\t\t\t\t\t\t\t\t\t\t\t\t\t\t\t<img decoding=\"async\" width=\"908\" height=\"475\" src=\"https:\/\/gemadiaznavarroabokatuak.com\/wp-content\/uploads\/2024\/11\/Captura-desde-2024-11-28-13-33-48.png\" class=\"attachment-full size-full wp-image-1092\" alt=\"\" srcset=\"https:\/\/gemadiaznavarroabokatuak.com\/wp-content\/uploads\/2024\/11\/Captura-desde-2024-11-28-13-33-48.png 908w, https:\/\/gemadiaznavarroabokatuak.com\/wp-content\/uploads\/2024\/11\/Captura-desde-2024-11-28-13-33-48-300x157.png 300w, https:\/\/gemadiaznavarroabokatuak.com\/wp-content\/uploads\/2024\/11\/Captura-desde-2024-11-28-13-33-48-768x402.png 768w, https:\/\/gemadiaznavarroabokatuak.com\/wp-content\/uploads\/2024\/11\/Captura-desde-2024-11-28-13-33-48-18x9.png 18w\" sizes=\"(max-width: 908px) 100vw, 908px\" \/>\t\t\t\t\t\t\t\t\t\t\t\t\t\t\t<\/div>\n\t\t\t\t<\/div>\n\t\t\t\t<\/div>\n\t\t<div class=\"elementor-element elementor-element-5c37a98 e-con-full e-flex elementor-invisible e-con e-child\" data-id=\"5c37a98\" data-element_type=\"container\" data-e-type=\"container\" data-settings=\"{&quot;background_background&quot;:&quot;classic&quot;,&quot;animation&quot;:&quot;fadeInLeft&quot;}\">\n\t\t\t\t<div class=\"elementor-element elementor-element-e7559d9 elementor-widget elementor-widget-heading\" data-id=\"e7559d9\" data-element_type=\"widget\" data-e-type=\"widget\" data-widget_type=\"heading.default\">\n\t\t\t\t<div class=\"elementor-widget-container\">\n\t\t\t\t\t<h2 class=\"elementor-heading-title elementor-size-default\">Derecho Penal<\/h2>\t\t\t\t<\/div>\n\t\t\t\t<\/div>\n\t\t\t\t<div class=\"elementor-element elementor-element-f021ca9 elementor-widget__width-initial elementor-widget elementor-widget-text-editor\" data-id=\"f021ca9\" data-element_type=\"widget\" data-e-type=\"widget\" data-widget_type=\"text-editor.default\">\n\t\t\t\t<div class=\"elementor-widget-container\">\n\t\t\t\t\t\t\t\t\t<p>Soy especialista en la defensa y acusaci\u00f3n de delitos relacionados con la violencia de g\u00e9nero y dom\u00e9stica. Trabajo en procedimientos penales, desde denuncias y \u00f3rdenes de protecci\u00f3n hasta el acompa\u00f1amiento en juicios, velando siempre por el cumplimiento de la ley y los derechos fundamentales de mis clientes.<\/p>\t\t\t\t\t\t\t\t<\/div>\n\t\t\t\t<\/div>\n\t\t\t\t<\/div>\n\t\t\t\t<\/div>\n\t\t<div class=\"elementor-element elementor-element-c31d1a2 e-con-full e-flex e-con e-parent\" data-id=\"c31d1a2\" data-element_type=\"container\" data-e-type=\"container\">\n\t\t<div class=\"elementor-element elementor-element-0b311b7 e-con-full e-flex e-con e-child\" data-id=\"0b311b7\" data-element_type=\"container\" data-e-type=\"container\" data-settings=\"{&quot;background_background&quot;:&quot;classic&quot;}\">\n\t\t\t\t<div class=\"elementor-element elementor-element-72ebb61 elementor-widget elementor-widget-image\" data-id=\"72ebb61\" data-element_type=\"widget\" data-e-type=\"widget\" data-widget_type=\"image.default\">\n\t\t\t\t<div class=\"elementor-widget-container\">\n\t\t\t\t\t\t\t\t\t\t\t\t\t\t\t<img decoding=\"async\" width=\"907\" height=\"452\" src=\"https:\/\/gemadiaznavarroabokatuak.com\/wp-content\/uploads\/2024\/11\/Captura-desde-2024-11-28-13-34-54.png\" class=\"attachment-full size-full wp-image-1099\" alt=\"\" srcset=\"https:\/\/gemadiaznavarroabokatuak.com\/wp-content\/uploads\/2024\/11\/Captura-desde-2024-11-28-13-34-54.png 907w, https:\/\/gemadiaznavarroabokatuak.com\/wp-content\/uploads\/2024\/11\/Captura-desde-2024-11-28-13-34-54-300x150.png 300w, https:\/\/gemadiaznavarroabokatuak.com\/wp-content\/uploads\/2024\/11\/Captura-desde-2024-11-28-13-34-54-768x383.png 768w, https:\/\/gemadiaznavarroabokatuak.com\/wp-content\/uploads\/2024\/11\/Captura-desde-2024-11-28-13-34-54-18x9.png 18w\" sizes=\"(max-width: 907px) 100vw, 907px\" \/>\t\t\t\t\t\t\t\t\t\t\t\t\t\t\t<\/div>\n\t\t\t\t<\/div>\n\t\t\t\t<\/div>\n\t\t<div class=\"elementor-element elementor-element-217589c e-con-full e-flex elementor-invisible e-con e-child\" data-id=\"217589c\" data-element_type=\"container\" data-e-type=\"container\" data-settings=\"{&quot;background_background&quot;:&quot;classic&quot;,&quot;animation&quot;:&quot;fadeInRight&quot;}\">\n\t\t\t\t<div class=\"elementor-element elementor-element-c949745 elementor-widget elementor-widget-heading\" data-id=\"c949745\" data-element_type=\"widget\" data-e-type=\"widget\" data-widget_type=\"heading.default\">\n\t\t\t\t<div class=\"elementor-widget-container\">\n\t\t\t\t\t<h2 class=\"elementor-heading-title elementor-size-default\">Sucesiones seg\u00fan la Norma Foral<\/h2>\t\t\t\t<\/div>\n\t\t\t\t<\/div>\n\t\t\t\t<div class=\"elementor-element elementor-element-7921fd2 elementor-widget__width-initial elementor-widget elementor-widget-text-editor\" data-id=\"7921fd2\" data-element_type=\"widget\" data-e-type=\"widget\" data-widget_type=\"text-editor.default\">\n\t\t\t\t<div class=\"elementor-widget-container\">\n\t\t\t\t\t\t\t\t\t<p>Ofrezco asesoramiento experto en procesos de herencias y sucesiones, adapt\u00e1ndome a las disposiciones espec\u00edficas de la Norma Foral aplicable. Ayudo en la redacci\u00f3n de testamentos, aceptaci\u00f3n de herencias y en la resoluci\u00f3n de conflictos hereditarios, asegurando una tramitaci\u00f3n eficiente y conforme a la normativa local.<\/p>\t\t\t\t\t\t\t\t<\/div>\n\t\t\t\t<\/div>\n\t\t\t\t<\/div>\n\t\t\t\t<\/div>\n\t\t<div class=\"elementor-element elementor-element-c05cafd e-con-full e-flex e-con e-parent\" data-id=\"c05cafd\" data-element_type=\"container\" data-e-type=\"container\">\n\t\t<div class=\"elementor-element elementor-element-a01edd3 e-con-full e-flex elementor-invisible e-con e-child\" data-id=\"a01edd3\" data-element_type=\"container\" data-e-type=\"container\" data-settings=\"{&quot;background_background&quot;:&quot;classic&quot;,&quot;animation&quot;:&quot;fadeInLeft&quot;}\">\n\t\t\t\t<div class=\"elementor-element elementor-element-3a85c43 elementor-widget elementor-widget-image\" data-id=\"3a85c43\" data-element_type=\"widget\" data-e-type=\"widget\" data-widget_type=\"image.default\">\n\t\t\t\t<div class=\"elementor-widget-container\">\n\t\t\t\t\t\t\t\t\t\t\t\t\t\t\t<img loading=\"lazy\" decoding=\"async\" width=\"908\" height=\"482\" src=\"https:\/\/gemadiaznavarroabokatuak.com\/wp-content\/uploads\/2024\/11\/Captura-desde-2024-11-28-13-35-23.png\" class=\"attachment-full size-full wp-image-1103\" alt=\"\" srcset=\"https:\/\/gemadiaznavarroabokatuak.com\/wp-content\/uploads\/2024\/11\/Captura-desde-2024-11-28-13-35-23.png 908w, https:\/\/gemadiaznavarroabokatuak.com\/wp-content\/uploads\/2024\/11\/Captura-desde-2024-11-28-13-35-23-300x159.png 300w, https:\/\/gemadiaznavarroabokatuak.com\/wp-content\/uploads\/2024\/11\/Captura-desde-2024-11-28-13-35-23-768x408.png 768w, https:\/\/gemadiaznavarroabokatuak.com\/wp-content\/uploads\/2024\/11\/Captura-desde-2024-11-28-13-35-23-18x10.png 18w\" sizes=\"(max-width: 908px) 100vw, 908px\" \/>\t\t\t\t\t\t\t\t\t\t\t\t\t\t\t<\/div>\n\t\t\t\t<\/div>\n\t\t\t\t<\/div>\n\t\t<div class=\"elementor-element elementor-element-3fdce0b e-con-full e-flex elementor-invisible e-con e-child\" data-id=\"3fdce0b\" data-element_type=\"container\" data-e-type=\"container\" data-settings=\"{&quot;background_background&quot;:&quot;classic&quot;,&quot;animation&quot;:&quot;fadeInLeft&quot;}\">\n\t\t\t\t<div class=\"elementor-element elementor-element-316e155 elementor-widget elementor-widget-heading\" data-id=\"316e155\" data-element_type=\"widget\" data-e-type=\"widget\" data-widget_type=\"heading.default\">\n\t\t\t\t<div class=\"elementor-widget-container\">\n\t\t\t\t\t<h2 class=\"elementor-heading-title elementor-size-default\">Especialista en reclamaci\u00f3n de gastos hipotecarios<\/h2>\t\t\t\t<\/div>\n\t\t\t\t<\/div>\n\t\t\t\t<div class=\"elementor-element elementor-element-5e1818a elementor-widget__width-initial elementor-widget elementor-widget-text-editor\" data-id=\"5e1818a\" data-element_type=\"widget\" data-e-type=\"widget\" data-widget_type=\"text-editor.default\">\n\t\t\t\t<div class=\"elementor-widget-container\">\n\t\t\t\t\t\t\t\t\t<p>Cuento con amplia experiencia en la reclamaci\u00f3n de gastos hipotecarios derivados de cl\u00e1usulas abusivas. Represento a mis clientes en procesos de negociaci\u00f3n y litigios contra entidades bancarias, asegurando la recuperaci\u00f3n de cantidades indebidas y protegiendo sus intereses.<\/p>\t\t\t\t\t\t\t\t<\/div>\n\t\t\t\t<\/div>\n\t\t\t\t<\/div>\n\t\t\t\t<\/div>\n\t\t\t\t<\/div>","protected":false},"excerpt":{"rendered":"<p>\u00bfNecesitas defensa o asesoramiento legal? Estoy aqu\u00ed para proteger tus derechos Familia Asesoro y represento en casos relacionados con divorcios, custodias, r\u00e9gimen de visitas, pensiones alimenticias y otros conflictos familiares. Cuento con una s\u00f3lida especializaci\u00f3n en violencia de g\u00e9nero y dom\u00e9stica, atendiendo tanto a v\u00edctimas como a implicados en estas situaciones, con un enfoque humano, [&hellip;]<\/p>\n","protected":false},"author":3,"featured_media":0,"parent":0,"menu_order":0,"comment_status":"closed","ping_status":"closed","template":"elementor_canvas","meta":{"footnotes":""},"class_list":["post-13","page","type-page","status-publish","hentry"],"yoast_head":"<!-- This site is optimized with the Yoast SEO plugin v27.4 - https:\/\/yoast.com\/product\/yoast-seo-wordpress\/ -->\n<title>Servicios - Gema Diaz Abokatuak<\/title>\n<meta name=\"robots\" content=\"index, follow, max-snippet:-1, max-image-preview:large, max-video-preview:-1\" \/>\n<link rel=\"canonical\" href=\"https:\/\/gemadiaznavarroabokatuak.com\/eus\/servicios\/\" \/>\n<meta property=\"og:locale\" content=\"en_US\" \/>\n<meta property=\"og:type\" content=\"article\" \/>\n<meta property=\"og:title\" content=\"Servicios - Gema Diaz Abokatuak\" \/>\n<meta property=\"og:description\" content=\"\u00bfNecesitas defensa o asesoramiento legal? Estoy aqu\u00ed para proteger tus derechos Familia Asesoro y represento en casos relacionados con divorcios, custodias, r\u00e9gimen de visitas, pensiones alimenticias y otros conflictos familiares. Cuento con una s\u00f3lida especializaci\u00f3n en violencia de g\u00e9nero y dom\u00e9stica, atendiendo tanto a v\u00edctimas como a implicados en estas situaciones, con un enfoque humano, [&hellip;]\" \/>\n<meta property=\"og:url\" content=\"https:\/\/gemadiaznavarroabokatuak.com\/eus\/servicios\/\" \/>\n<meta property=\"og:site_name\" content=\"Gema Diaz Abokatuak\" \/>\n<meta property=\"article:modified_time\" content=\"2024-11-28T12:35:56+00:00\" \/>\n<meta property=\"og:image\" content=\"https:\/\/gemadiaznavarroabokatuak.com\/wp-content\/uploads\/2024\/11\/Captura-desde-2024-11-28-13-33-28.png\" \/>\n\t<meta property=\"og:image:width\" content=\"910\" \/>\n\t<meta property=\"og:image:height\" content=\"494\" \/>\n\t<meta property=\"og:image:type\" content=\"image\/png\" \/>\n<meta name=\"twitter:card\" content=\"summary_large_image\" \/>\n<meta name=\"twitter:label1\" content=\"Est. reading time\" \/>\n\t<meta name=\"twitter:data1\" content=\"2 minutua\" \/>\n<script type=\"application\/ld+json\" class=\"yoast-schema-graph\">{\"@context\":\"https:\\\/\\\/schema.org\",\"@graph\":[{\"@type\":\"WebPage\",\"@id\":\"https:\\\/\\\/gemadiaznavarroabokatuak.com\\\/servicios\\\/\",\"url\":\"https:\\\/\\\/gemadiaznavarroabokatuak.com\\\/servicios\\\/\",\"name\":\"Servicios - Gema Diaz Abokatuak\",\"isPartOf\":{\"@id\":\"https:\\\/\\\/gemadiaznavarroabokatuak.com\\\/#website\"},\"primaryImageOfPage\":{\"@id\":\"https:\\\/\\\/gemadiaznavarroabokatuak.com\\\/servicios\\\/#primaryimage\"},\"image\":{\"@id\":\"https:\\\/\\\/gemadiaznavarroabokatuak.com\\\/servicios\\\/#primaryimage\"},\"thumbnailUrl\":\"https:\\\/\\\/gemadiaznavarroabokatuak.com\\\/wp-content\\\/uploads\\\/2024\\\/11\\\/Captura-desde-2024-11-28-13-33-28.png\",\"datePublished\":\"2024-07-18T09:03:50+00:00\",\"dateModified\":\"2024-11-28T12:35:56+00:00\",\"breadcrumb\":{\"@id\":\"https:\\\/\\\/gemadiaznavarroabokatuak.com\\\/servicios\\\/#breadcrumb\"},\"inLanguage\":\"eu\",\"potentialAction\":[{\"@type\":\"ReadAction\",\"target\":[\"https:\\\/\\\/gemadiaznavarroabokatuak.com\\\/servicios\\\/\"]}]},{\"@type\":\"ImageObject\",\"inLanguage\":\"eu\",\"@id\":\"https:\\\/\\\/gemadiaznavarroabokatuak.com\\\/servicios\\\/#primaryimage\",\"url\":\"https:\\\/\\\/gemadiaznavarroabokatuak.com\\\/wp-content\\\/uploads\\\/2024\\\/11\\\/Captura-desde-2024-11-28-13-33-28.png\",\"contentUrl\":\"https:\\\/\\\/gemadiaznavarroabokatuak.com\\\/wp-content\\\/uploads\\\/2024\\\/11\\\/Captura-desde-2024-11-28-13-33-28.png\"},{\"@type\":\"BreadcrumbList\",\"@id\":\"https:\\\/\\\/gemadiaznavarroabokatuak.com\\\/servicios\\\/#breadcrumb\",\"itemListElement\":[{\"@type\":\"ListItem\",\"position\":1,\"name\":\"Portada\",\"item\":\"https:\\\/\\\/gemadiaznavarroabokatuak.com\\\/\"},{\"@type\":\"ListItem\",\"position\":2,\"name\":\"Servicios\"}]},{\"@type\":\"WebSite\",\"@id\":\"https:\\\/\\\/gemadiaznavarroabokatuak.com\\\/#website\",\"url\":\"https:\\\/\\\/gemadiaznavarroabokatuak.com\\\/\",\"name\":\"Despacho Abogados\",\"description\":\"Despacho de abogados especializado en el derecho de familia con larga trayectoria, con alta especialiazacion de violencia de genero o domestica. \",\"publisher\":{\"@id\":\"https:\\\/\\\/gemadiaznavarroabokatuak.com\\\/#organization\"},\"potentialAction\":[{\"@type\":\"SearchAction\",\"target\":{\"@type\":\"EntryPoint\",\"urlTemplate\":\"https:\\\/\\\/gemadiaznavarroabokatuak.com\\\/?s={search_term_string}\"},\"query-input\":{\"@type\":\"PropertyValueSpecification\",\"valueRequired\":true,\"valueName\":\"search_term_string\"}}],\"inLanguage\":\"eu\"},{\"@type\":\"Organization\",\"@id\":\"https:\\\/\\\/gemadiaznavarroabokatuak.com\\\/#organization\",\"name\":\"Despacho Abogados\",\"url\":\"https:\\\/\\\/gemadiaznavarroabokatuak.com\\\/\",\"logo\":{\"@type\":\"ImageObject\",\"inLanguage\":\"eu\",\"@id\":\"https:\\\/\\\/gemadiaznavarroabokatuak.com\\\/#\\\/schema\\\/logo\\\/image\\\/\",\"url\":\"\",\"contentUrl\":\"\",\"caption\":\"Despacho Abogados\"},\"image\":{\"@id\":\"https:\\\/\\\/gemadiaznavarroabokatuak.com\\\/#\\\/schema\\\/logo\\\/image\\\/\"}}]}<\/script>\n<!-- \/ Yoast SEO plugin. -->","yoast_head_json":{"title":"Servicios - Gema Diaz Abokatuak","robots":{"index":"index","follow":"follow","max-snippet":"max-snippet:-1","max-image-preview":"max-image-preview:large","max-video-preview":"max-video-preview:-1"},"canonical":"https:\/\/gemadiaznavarroabokatuak.com\/eus\/servicios\/","og_locale":"en_US","og_type":"article","og_title":"Servicios - Gema Diaz Abokatuak","og_description":"\u00bfNecesitas defensa o asesoramiento legal? Estoy aqu\u00ed para proteger tus derechos Familia Asesoro y represento en casos relacionados con divorcios, custodias, r\u00e9gimen de visitas, pensiones alimenticias y otros conflictos familiares. Cuento con una s\u00f3lida especializaci\u00f3n en violencia de g\u00e9nero y dom\u00e9stica, atendiendo tanto a v\u00edctimas como a implicados en estas situaciones, con un enfoque humano, [&hellip;]","og_url":"https:\/\/gemadiaznavarroabokatuak.com\/eus\/servicios\/","og_site_name":"Gema Diaz Abokatuak","article_modified_time":"2024-11-28T12:35:56+00:00","og_image":[{"width":910,"height":494,"url":"https:\/\/gemadiaznavarroabokatuak.com\/wp-content\/uploads\/2024\/11\/Captura-desde-2024-11-28-13-33-28.png","type":"image\/png"}],"twitter_card":"summary_large_image","twitter_misc":{"Est. reading time":"2 minutua"},"schema":{"@context":"https:\/\/schema.org","@graph":[{"@type":"WebPage","@id":"https:\/\/gemadiaznavarroabokatuak.com\/servicios\/","url":"https:\/\/gemadiaznavarroabokatuak.com\/servicios\/","name":"Servicios - Gema Diaz Abokatuak","isPartOf":{"@id":"https:\/\/gemadiaznavarroabokatuak.com\/#website"},"primaryImageOfPage":{"@id":"https:\/\/gemadiaznavarroabokatuak.com\/servicios\/#primaryimage"},"image":{"@id":"https:\/\/gemadiaznavarroabokatuak.com\/servicios\/#primaryimage"},"thumbnailUrl":"https:\/\/gemadiaznavarroabokatuak.com\/wp-content\/uploads\/2024\/11\/Captura-desde-2024-11-28-13-33-28.png","datePublished":"2024-07-18T09:03:50+00:00","dateModified":"2024-11-28T12:35:56+00:00","breadcrumb":{"@id":"https:\/\/gemadiaznavarroabokatuak.com\/servicios\/#breadcrumb"},"inLanguage":"eu","potentialAction":[{"@type":"ReadAction","target":["https:\/\/gemadiaznavarroabokatuak.com\/servicios\/"]}]},{"@type":"ImageObject","inLanguage":"eu","@id":"https:\/\/gemadiaznavarroabokatuak.com\/servicios\/#primaryimage","url":"https:\/\/gemadiaznavarroabokatuak.com\/wp-content\/uploads\/2024\/11\/Captura-desde-2024-11-28-13-33-28.png","contentUrl":"https:\/\/gemadiaznavarroabokatuak.com\/wp-content\/uploads\/2024\/11\/Captura-desde-2024-11-28-13-33-28.png"},{"@type":"BreadcrumbList","@id":"https:\/\/gemadiaznavarroabokatuak.com\/servicios\/#breadcrumb","itemListElement":[{"@type":"ListItem","position":1,"name":"Portada","item":"https:\/\/gemadiaznavarroabokatuak.com\/"},{"@type":"ListItem","position":2,"name":"Servicios"}]},{"@type":"WebSite","@id":"https:\/\/gemadiaznavarroabokatuak.com\/#website","url":"https:\/\/gemadiaznavarroabokatuak.com\/","name":"Despacho Abogados","description":"Despacho de abogados especializado en el derecho de familia con larga trayectoria, con alta especialiazacion de violencia de genero o domestica.","publisher":{"@id":"https:\/\/gemadiaznavarroabokatuak.com\/#organization"},"potentialAction":[{"@type":"SearchAction","target":{"@type":"EntryPoint","urlTemplate":"https:\/\/gemadiaznavarroabokatuak.com\/?s={search_term_string}"},"query-input":{"@type":"PropertyValueSpecification","valueRequired":true,"valueName":"search_term_string"}}],"inLanguage":"eu"},{"@type":"Organization","@id":"https:\/\/gemadiaznavarroabokatuak.com\/#organization","name":"Despacho Abogados","url":"https:\/\/gemadiaznavarroabokatuak.com\/","logo":{"@type":"ImageObject","inLanguage":"eu","@id":"https:\/\/gemadiaznavarroabokatuak.com\/#\/schema\/logo\/image\/","url":"","contentUrl":"","caption":"Despacho Abogados"},"image":{"@id":"https:\/\/gemadiaznavarroabokatuak.com\/#\/schema\/logo\/image\/"}}]}},"_links":{"self":[{"href":"https:\/\/gemadiaznavarroabokatuak.com\/eus\/wp-json\/wp\/v2\/pages\/13","targetHints":{"allow":["GET"]}}],"collection":[{"href":"https:\/\/gemadiaznavarroabokatuak.com\/eus\/wp-json\/wp\/v2\/pages"}],"about":[{"href":"https:\/\/gemadiaznavarroabokatuak.com\/eus\/wp-json\/wp\/v2\/types\/page"}],"author":[{"embeddable":true,"href":"https:\/\/gemadiaznavarroabokatuak.com\/eus\/wp-json\/wp\/v2\/users\/3"}],"replies":[{"embeddable":true,"href":"https:\/\/gemadiaznavarroabokatuak.com\/eus\/wp-json\/wp\/v2\/comments?post=13"}],"version-history":[{"count":85,"href":"https:\/\/gemadiaznavarroabokatuak.com\/eus\/wp-json\/wp\/v2\/pages\/13\/revisions"}],"predecessor-version":[{"id":1106,"href":"https:\/\/gemadiaznavarroabokatuak.com\/eus\/wp-json\/wp\/v2\/pages\/13\/revisions\/1106"}],"wp:attachment":[{"href":"https:\/\/gemadiaznavarroabokatuak.com\/eus\/wp-json\/wp\/v2\/media?parent=13"}],"curies":[{"name":"wp","href":"https:\/\/api.w.org\/{rel}","templated":true}]}}